ded by 8?
2
Suppose 5*w - 62 + 47 = 0. What is the remainder when 52 is divided by w?
1
Suppose 3*b - 2*b - 6 = 0. What is the remainder when (-6 - -1)*9/(-5) is divided by b?
3
Let l(w) = -10*w - 2. Let o be l(7). Let a = 103 + o. Calculate the remainder when a is divided by 11.
9
Let h be (2/(-2))/(1/(-2)). Suppose 12 = h*n + 3*z, 4*n + 4*z = 11 + 17. Calculate the remainder when n is divided by 28/6 + (-2)/(-6).
4
Let s(w) = 26*w + 1. Let h = -4 - -6. What is the remainder when s(h) is divided by (0 - (-1)/2)*36?
17
Let y(r) = 3*r + 4. Let i(l) = -9*l - 20 + 8 + l. Let s(x) = -4*i(x) - 11*y(x). What is the remainder when 1 is divided by s(3)?
0
Calculate the remainder when 35 is divided by (-1)/(8/36)*-4.
17
Let b = 2 - -28. Calculate the remainder when 89 is divided by b.
29
Let x be 32/(-6)*3/(-2). Let f = 17 - x. Calculate the remainder when ((-10)/3)/((-4)/30) is divided by f.
7
Suppose 3*v = -4*v + 98. Calculate the remainder when 54 is divided by v.
12
Let v(u) = -5 + 1 - 6*u - 3*u**2 - 3*u**2 + 7*u**2. Calculate the remainder when v(-6) is divided by 23.
22
Suppose 2*t - 7*t + 45 = 0. What is the remainder when 35 is divided by t?
8
Suppose 0 = -6*t + 104 - 32. Let x(f) = f + 6. Let c be x(-6). Calculate the remainder when t is divided by c + 1 - 1*-6.
5
Suppose i - 1 = -3*f, 5*f = -12 - 8. Calculate the remainder when i is divided by 4.
1
Suppose -11*i = -364 - 21. What is the remainder when 69 is divided by i?
34
Let b(k) = 4*k**3 + 3*k**2 - 2*k + 1. Suppose -o - 23 = -2*m, 2*o = -6*m + m + 80. Calculate the remainder when b(2) is divided by m.
13
Suppose 3*l + 3*p = 15, -13 = -3*l + 2*p - 3. What is the remainder when 10 is divided by l?
2
Suppose -2*p + 324 = 4*w, 3*w - 3*p = 8*w - 407. Suppose -5*s = -w + 14. What is the remainder when 61 is divided by s?
9
Suppose -r - 43 = -2*r. Suppose 132*v = 110*v + 198. What is the remainder when r is divided by v?
7
Suppose -4*u + 76 = 2*i, 2 - 3 = -u + 4*i. Let s = 5 - 2. Suppose 0 = -d - s*d + 24. What is the remainder when u is divided by d?
5
Suppose 0*z + 5 = z. Suppose 0 = -z*i + 86 - 1. Let y(u) = u**2 + 3*u + 5. Calculate the remainder when i is divided by y(-4).
8
Suppose -4*p = -9*p + 35. Calculate the remainder when 25 is divided by p.
4
Let y(p) = -2*p**3 - p**2 - 4. What is the remainder when 31 is divided by y(-2)?
7
Let s = -121 - -174. What is the remainder when s is divided by 27?
26
Let f(i) = i**2 - 9*i + 8. Let c(n) = -n**3 + 5*n**2 - 3*n + 3. Let j be c(2). Let u = -69 - -92. What is the remainder when u is divided by f(j)?
7
Suppose 2*t = 2*w - 4, -2*t - 8 = -0*t - w. What is the remainder when (-20)/t + (-10)/(-15) is divided by 2?
0
Let u(i) = -2*i + 1. Let o be u(-8). Let s = o + -4. Calculate the remainder when 24 is divided by s.
11
Let w(n) = 27*n - 68. What is the remainder when w(6) is divided by 48?
46
Suppose 9 = -5*w - 5*l - 11, -2*w - 5 = 5*l. Let i(t) = t**3 + 7*t**2 + 6*t - 3. What is the remainder when 35 - 2/(-4)*-6 is divided by i(w)?
15
Let v(o) = o**3 + 7*o**2 + 5*o. Let n be v(-6). Suppose -14 - 22 = -n*u. Calculate the remainder when 9 is divided by u.
3
Suppose 3*x = k - 9 - 46, x = -2*k + 124. Calculate the remainder when k is divided by 21.
19
Let c = -11 + 14. Suppose 2*l + c*l - 35 = 0. Suppose 0 = 3*v - 53 - 7. Calculate the remainder when v is divided by l.
6
Let y = 116 + -98. What is the remainder when 27 is divided by y?
9
Let y = 111 - 105. Calculate the remainder when 10 is divided by y.
4
Suppose 5*r - 58 = n, 5*n = -0*n + 10. What is the remainder when 21 is divided by r?
9
Let t = 43 - 26. What is the remainder when 29 is divided by t?
12
Let d be 10/3*18/15. Suppose -a = -d*a + o + 19, -1 = -a - o. Calculate the remainder when a is divided by 3.
2
Let t(w) = w**3 + 12*w**2 + 10*w + 24. What is the remainder when t(-10) is divided by 18?
16
Let m(v) = -v + 14. What is the remainder when 49 is divided by m(-12)?
23
Let n(a) = a**2 + a - 8. What is the remainder when 38 is divided by n(-4)?
2
Suppose 0*m = -2*m + 10. Suppose 2*u - m*c = 35, 10*u + 2*c = 5*u + 44. What is the remainder when u is divided by 4?
2
What is the remainder when 55 is divided by (-104)/(-5) + (-1)/(-5)?
13
Let s = 189 - 113. Let j = s - 21. Calculate the remainder when j is divided by (17 + 2)/(1/1).
17
Let m = -74 + 80. Calculate the remainder when m is divided by 1.
0
Let r(o) = -o**2 + 4*o + 3. Let k(p) = -p**3 - 7*p**2 + 8*p + 1. Let i be k(-8). Suppose 11 = 5*l + i. Calculate the remainder when r(4) is divided by l.
1
Suppose 22 - 7 = 3*y. Suppose -7*t + 20 = -3*t, 105 = y*l - t. Suppose -3*g = 0, 4*o - 4*g + 6 = 54. Calculate the remainder when l is divided by o.
10
Calculate the remainder when 10/(-1 + 20/16) is divided by 14.
12
Suppose 11 = -5*b - 9. Suppose 3*x - 16 = -j + 6, j - 38 = 5*x. Calculate the remainder when j is divided by -2*((-1 - 0) + b).
8
Let k = 16 + -43. What is the remainder when (-315)/k*1*3 is divided by 18?
17
Let d = -22 - -36. Suppose 2*j - 5*h = 78, -4*h - 20 + 4 = 0. Suppose 0 = -4*m + j - 9. What is the remainder when d is divided by m?
4
Suppose -4*r = -u + 2*u - 90, -85 = -u - 3*r. Suppose 5*n = -3*v - 10 + u, 5*n = 5*v + 100. Calculate the remainder when 29 is divided by n.
14
Suppose -3*c + 45 = n, -2*c = -21*n + 17*n - 16. Suppose -8*j + 195 = -3*j. What is the remainder when j is divided by c?
11
Suppose i = -5*p - 3, 0 = 5*i + 10 + 5. Suppose p*s + 2*s = 6. Suppose 6 = -s*q + 30. Calculate the remainder when 15 is divided by q.
7
Suppose 0 = -4*q + 16, -4*q - 82 - 50 = -4*o. What is the remainder when o is divided by 10?
7
Let u = 18 + -9. Suppose 5*l + 41 = 4*i + u, -3*i = -5*l - 29. Let t = i - -7. Calculate the remainder when 18 is divided by t.
8
Let b = 32 + -12. What is the remainder when 36 is divided by b?
16
Suppose -b + m + m = 7, 4*m = 3*b + 15. Calculate the remainder when b/(3/3)*-17 is divided by 5.
2
Let m be (-1)/(-6) + 34/12. Suppose -96 = -3*x - 3*j, -2*x + m*j + 19 = -60. Calculate the remainder when x is divided by 12.
11
Suppose 0 = u - 20 - 35. Calculate the remainder when u is divided by 14.
13
Suppose -8 - 2 = -5*g. Let o(s) = -s**3 + 7*s**2 - 4*s - 5. Calculate the remainder when o(6) is divided by g.
1
Let w(j) = -3*j**3 + 17*j**2 + 17*j - 1. Let y(f) = -2*f**3 + 11*f**2 + 11*f - 1. Let d(p) = -5*w(p) + 8*y(p). What is the remainder when 21 is divided by d(3)?
3
Let g = 7 - -6. Calculate the remainder when 24 is divided by g.
11
Let g(d) = 2*d - 2. Let y(q) = -2*q + 2. Let w(s) = -3*g(s) - 4*y(s). What is the remainder when 16 is divided by w(4)?
4
Let a = 141 + -91. What is the remainder when a is divided by -1 + 20 + -2*1?
16
Suppose -6*u - u = -1078. What is the remainder when u is divided by 53?
48
Suppose -5*x + 138 = 8. Suppose 5*r = -3*w - 83, 0*r - r = -2*w + 14. Let m = r + x. Calculate the remainder when 37 is divided by m.
7
Calculate the remainder when 65 is divided by 291/9 + 4/6.
32
Suppose -4*m = -38 - 14. Suppose 0 = -4*h + 58 + 34. What is the remainder when h is divided by m?
10
Let s be ((-9)/(-6))/((-6)/(-464)). Suppose 4*m = -0*m + s. Let n = 21 + -11. What is the remainder when m is divided by n?
9
Let l(o) = 2*o - 14 - 1 - 3. What is the remainder when l(12) is divided by 3?
0
Let q(s) = s + 13. Calculate the remainder when 79 is divided by q(7).
19
Let u = 12 + -8. Let x = -8 - -2. Calculate the remainder when u is divided by x/(-2 + 0) - 1.
0
Suppose -d = p + 5 - 2, d = 5*p + 27. Suppose -3*k + 40 = d*v, 7*v + 2*k = 2*v + 122. Calculate the remainder when v is divided by 7.
5
Let k be (3 - (1 + 0)) + 0. Suppose 5*s - 171 = k*s. What is the remainder when s is divided by 15?
12
Let t(y) = -y**3 + 9*y**2 + 4*y + 34. Calculate the remainder when t(9) is divided by 18.
16
Suppose -3*x = -2*t + 8, -7 + 1 = t + x. Let m be (t - -10)/(0 + 2). Suppose 3*a + 12 = l, a = -m*l - 2*a + 93. Calculate the remainder when l is divided by 11.
10
Let t(z) = 9*z**2 - z - 1. Let p be t(3). Let y = -52 + p. Let x = -67 - -76. What is the remainder when y is divided by x?
7
Let y = 28 - 4. What is the remainder when y is divided by 13?
11
Suppose -1 = 3*n + 11. Let p(s) = -s**3 - 5*s**2 - 7*s - 4. Calculate the remainder when p(n) is divided by 3.
2
Suppose 4*k = -n - k + 23, 7 = n 